{"id":733,"date":"2018-09-04T15:37:30","date_gmt":"2018-09-04T13:37:30","guid":{"rendered":"http:\/\/cadaujaume.fr\/?page_id=733"},"modified":"2025-01-25T01:48:00","modified_gmt":"2025-01-24T23:48:00","slug":"presentation","status":"publish","type":"page","link":"https:\/\/cadaujaume.fr\/?page_id=733","title":{"rendered":"Qi Gong &#8211; Pr\u00e9sentation"},"content":{"rendered":"<h3 style=\"text-align: center;\"><span style=\"color: #800080;\">Qu&rsquo;est-ce que le Qi Gong ?<\/span><\/h3>\n<hr \/>\n<p>Cet art mill\u00e9naire, anc\u00e8tre de tous les arts martiaux chinois, est un des tr\u00e9sors de la <strong>M\u00e9decine Traditionnelle Chinoise (MTC)<\/strong>. Selon la MTC, le corps est parcouru par des m\u00e9ridiens dans lesquels circule &lsquo;\u00e9nergie vitale, le Qi.<\/p>\n<p><strong>Le Qi Gong vise \u00e0\u00a0 harmoniser les diff\u00e9rentes parties du corps et de l&rsquo;esprit<\/strong> par des mouvements lents, des postures statiques, des auto-massages, des exercices respiratoires, ainsi que la concentration et la visualisation.<\/p>\n<p>Gr\u00e2ce \u00e0\u00a0 une pratique r\u00e9guli\u00e8re l&rsquo;\u00e9nergie, le Qi, circule mieux dans tout le corps. Les tensions corporelles s&rsquo;apaisent, les \u00e9motions n\u00e9fastes se temp\u00e8rent, le mental se r\u00e9gule et la vitalit\u00e9 s&rsquo;am\u00e9liore.<\/p>\n<p>Accessible \u00e0\u00a0 tous, <strong>le Qi Gong est reconnu en France par le Minist\u00e8re de la Sant\u00e9 et des Sports.<\/strong><\/p>\n","protected":false},"excerpt":{"rendered":"<p>Qu&rsquo;est-ce que le Qi Gong ? Cet art mill\u00e9naire, anc\u00e8tre de tous les arts martiaux chinois, est un des tr\u00e9sors de la M\u00e9decine Traditionnelle Chinoise (MTC). Selon la MTC, le corps est parcouru par des m\u00e9ridiens dans lesquels circule &lsquo;\u00e9nergie vitale, le Qi. Le Qi Gong vise \u00e0\u00a0 harmoniser les diff\u00e9rentes parties du corps et [&hellip;]<\/p>\n","protected":false},"author":1,"featured_media":0,"parent":0,"menu_order":0,"comment_status":"closed","ping_status":"closed","template":"","meta":{"footnotes":""},"class_list":["post-733","page","type-page","status-publish","hentry","post"],"_links":{"self":[{"href":"https:\/\/cadaujaume.fr\/index.php?rest_route=\/wp\/v2\/pages\/733","targetHints":{"allow":["GET"]}}],"collection":[{"href":"https:\/\/cadaujaume.fr\/index.php?rest_route=\/wp\/v2\/pages"}],"about":[{"href":"https:\/\/cadaujaume.fr\/index.php?rest_route=\/wp\/v2\/types\/page"}],"author":[{"embeddable":true,"href":"https:\/\/cadaujaume.fr\/index.php?rest_route=\/wp\/v2\/users\/1"}],"replies":[{"embeddable":true,"href":"https:\/\/cadaujaume.fr\/index.php?rest_route=%2Fwp%2Fv2%2Fcomments&post=733"}],"version-history":[{"count":4,"href":"https:\/\/cadaujaume.fr\/index.php?rest_route=\/wp\/v2\/pages\/733\/revisions"}],"predecessor-version":[{"id":1161,"href":"https:\/\/cadaujaume.fr\/index.php?rest_route=\/wp\/v2\/pages\/733\/revisions\/1161"}],"wp:attachment":[{"href":"https:\/\/cadaujaume.fr\/index.php?rest_route=%2Fwp%2Fv2%2Fmedia&parent=733"}],"curies":[{"name":"wp","href":"https:\/\/api.w.org\/{rel}","templated":true}]}}